{"id":2339,"date":"2025-03-22T01:46:53","date_gmt":"2025-03-22T06:46:53","guid":{"rendered":"https:\/\/agenciajantravel.com\/?post_type=ttbm_tour&#038;p=2339"},"modified":"2025-04-24T13:19:02","modified_gmt":"2025-04-24T18:19:02","slug":"tour-comuna-13","status":"publish","type":"ttbm_tour","link":"https:\/\/agenciajantravel.com\/en\/jantraveltour\/tour-comuna-13\/","title":{"rendered":"Tour Comuna 13"},"content":{"rendered":"<p class=\"p1\"><span class=\"s1\"><b>Salidas COMPARTIDAS todos los d\u00edas.<\/b><\/span><\/p>\n<p class=\"p1\"><b>Duraci\u00f3n: 3 horas aprox.<\/b><\/p>\n<p class=\"p1\"><b>Valores:<\/b><br \/>\n<b>Ni\u00f1os de 0 a 2 a\u00f1os: <\/b>$ 20.000<span class=\"Apple-converted-space\">\u00a0<\/span><\/p>\n<p class=\"p2\"><b>Incluye:<br \/>\n<\/b><span class=\"s2\">\ud83d\ude8c<\/span> Traslado en veh\u00edculos de turismo.<br \/>\n<span class=\"s2\">\ud83c\udfa8<\/span> Visita y recorrido a pie por las galer\u00edas al aire libre de los Graffitis.<br \/>\n<span class=\"s2\">\ud83d\udccc<\/span> Visita y recorrido por las escaleras el\u00e9ctricas caminando.<br \/>\n<span class=\"s2\">\ud83d\ude4b\ud83c\udffb\u200d\u2642\ufe0f<\/span> Gu\u00eda local en los recorridos.<br \/>\n<span class=\"s2\">\ud83c\udf43<\/span> Conversatorio sobre la transformaci\u00f3n social de los j\u00f3venes de la comuna con el gu\u00eda.<br \/>\n<span class=\"s2\">\ud83c\udf66<\/span>Degustaci\u00f3n de paleta local (helado)<br \/>\n<span class=\"s2\">\ud83e\ude7a<\/span>Tarjeta de asistencia m\u00e9dica.<\/p>\n<p class=\"p2\"><b>No incluye:<br \/>\n<\/b><span class=\"s2\">\ud83c\udf7d\ufe0f<\/span> Alimentaci\u00f3n no especificada.<b><br \/>\n<\/b><span class=\"s2\">\ud83d\udeab<\/span> Gastos o actividades no especificadas.<\/p>\n<p class=\"p1\"><span class=\"s1\"><b>HORARIOS:<span class=\"Apple-converted-space\">\u00a0 <\/span>&#8211; COMUNA 13 Y CITY TOUR POR MEDELL\u00cdN<\/b><\/span><\/p>\n<p class=\"p1\"><b><br \/>\nHora de salida: 8:00 am o 2:00 pm<span class=\"Apple-converted-space\">\u00a0<\/span><\/b><\/p>\n<p class=\"p1\"><b>Punto de encuentro: Parque del Poblado<\/b><\/p>\n<p class=\"p1\"><b><br \/>\nHora de salida: 8:30 am o 2:30 pm<span class=\"Apple-converted-space\">\u00a0<\/span><\/b><\/p>\n<p class=\"p1\"><b>Punto de encuentro: Estaci\u00f3n Estadio<span class=\"Apple-converted-space\">\u00a0<\/span><\/b><\/p>","protected":false},"excerpt":{"rendered":"<p>Salidas COMPARTIDAS todos los d\u00edas. Duraci\u00f3n: 3 horas aprox. Valores: Ni\u00f1os de 0 a 2 a\u00f1os: $ 20.000\u00a0 Incluye: \ud83d\ude8c Traslado en veh\u00edculos de turismo. \ud83c\udfa8 Visita y recorrido a pie por las galer\u00edas al aire libre de los Graffitis. \ud83d\udccc Visita y recorrido por las escaleras el\u00e9ctricas caminando. \ud83d\ude4b\ud83c\udffb\u200d\u2642\ufe0f Gu\u00eda local en los recorridos. [&hellip;]<\/p>","protected":false},"featured_media":2343,"template":"","ttbm_tour_cat":[115],"ttbm_org":[],"location":[],"features_list":[],"ttbm_tour_tag":[],"ttbm_tour_activities":[],"class_list":["post-2339","ttbm_tour","type-ttbm_tour","status-publish","has-post-thumbnail","hentry","ttbm_tour_cat-medellin"],"acf":[],"yoast_head":"<!-- This site is optimized with the Yoast SEO plugin v26.7 - https:\/\/yoast.com\/wordpress\/plugins\/seo\/ -->\n<title>Tour Comuna 13 - Agencia de Viajes Jan Travel<\/title>\n<meta name=\"robots\" content=\"index, follow, max-snippet:-1, max-image-preview:large, max-video-preview:-1\" \/>\n<link rel=\"canonical\" href=\"https:\/\/agenciajantravel.com\/en\/tour\/tour-comuna-13\/\" \/>\n<meta property=\"og:locale\" content=\"en_US\" \/>\n<meta property=\"og:type\" content=\"article\" \/>\n<meta property=\"og:title\" content=\"Tour Comuna 13 - Agencia de Viajes Jan Travel\" \/>\n<meta property=\"og:description\" content=\"Salidas COMPARTIDAS todos los d\u00edas. Duraci\u00f3n: 3 horas aprox. Valores: Ni\u00f1os de 0 a 2 a\u00f1os: $ 20.000\u00a0 Incluye: \ud83d\ude8c Traslado en veh\u00edculos de turismo. \ud83c\udfa8 Visita y recorrido a pie por las galer\u00edas al aire libre de los Graffitis. \ud83d\udccc Visita y recorrido por las escaleras el\u00e9ctricas caminando. \ud83d\ude4b\ud83c\udffb\u200d\u2642\ufe0f Gu\u00eda local en los recorridos. [&hellip;]\" \/>\n<meta property=\"og:url\" content=\"https:\/\/agenciajantravel.com\/en\/tour\/tour-comuna-13\/\" \/>\n<meta property=\"og:site_name\" content=\"Agencia de Viajes Jan Travel\" \/>\n<meta property=\"article:modified_time\" content=\"2025-04-24T18:19:02+00:00\" \/>\n<meta property=\"og:image\" content=\"https:\/\/agenciajantravel.com\/wp-content\/uploads\/2025\/03\/ven-y-dejate-contar-la.jpeg\" \/>\n\t<meta property=\"og:image:width\" content=\"1124\" \/>\n\t<meta property=\"og:image:height\" content=\"1200\" \/>\n\t<meta property=\"og:image:type\" content=\"image\/jpeg\" \/>\n<meta name=\"twitter:card\" content=\"summary_large_image\" \/>\n<meta name=\"twitter:label1\" content=\"Est. reading time\" \/>\n\t<meta name=\"twitter:data1\" content=\"1 minute\" \/>\n<script type=\"application\/ld+json\" class=\"yoast-schema-graph\">{\"@context\":\"https:\/\/schema.org\",\"@graph\":[{\"@type\":\"WebPage\",\"@id\":\"https:\/\/agenciajantravel.com\/tour\/tour-comuna-13\/\",\"url\":\"https:\/\/agenciajantravel.com\/tour\/tour-comuna-13\/\",\"name\":\"Tour Comuna 13 - Agencia de Viajes Jan Travel\",\"isPartOf\":{\"@id\":\"https:\/\/agenciajantravel.com\/#website\"},\"primaryImageOfPage\":{\"@id\":\"https:\/\/agenciajantravel.com\/tour\/tour-comuna-13\/#primaryimage\"},\"image\":{\"@id\":\"https:\/\/agenciajantravel.com\/tour\/tour-comuna-13\/#primaryimage\"},\"thumbnailUrl\":\"https:\/\/agenciajantravel.com\/wp-content\/uploads\/2025\/03\/ven-y-dejate-contar-la.jpeg\",\"datePublished\":\"2025-03-22T06:46:53+00:00\",\"dateModified\":\"2025-04-24T18:19:02+00:00\",\"breadcrumb\":{\"@id\":\"https:\/\/agenciajantravel.com\/tour\/tour-comuna-13\/#breadcrumb\"},\"inLanguage\":\"en-US\",\"potentialAction\":[{\"@type\":\"ReadAction\",\"target\":[\"https:\/\/agenciajantravel.com\/tour\/tour-comuna-13\/\"]}]},{\"@type\":\"ImageObject\",\"inLanguage\":\"en-US\",\"@id\":\"https:\/\/agenciajantravel.com\/tour\/tour-comuna-13\/#primaryimage\",\"url\":\"https:\/\/agenciajantravel.com\/wp-content\/uploads\/2025\/03\/ven-y-dejate-contar-la.jpeg\",\"contentUrl\":\"https:\/\/agenciajantravel.com\/wp-content\/uploads\/2025\/03\/ven-y-dejate-contar-la.jpeg\",\"width\":1124,\"height\":1200},{\"@type\":\"BreadcrumbList\",\"@id\":\"https:\/\/agenciajantravel.com\/tour\/tour-comuna-13\/#breadcrumb\",\"itemListElement\":[{\"@type\":\"ListItem\",\"position\":1,\"name\":\"Portada\",\"item\":\"https:\/\/agenciajantravel.com\/\"},{\"@type\":\"ListItem\",\"position\":2,\"name\":\"Tour\",\"item\":\"https:\/\/agenciajantravel.com\/tour\/\"},{\"@type\":\"ListItem\",\"position\":3,\"name\":\"Tour Comuna 13\"}]},{\"@type\":\"WebSite\",\"@id\":\"https:\/\/agenciajantravel.com\/#website\",\"url\":\"https:\/\/agenciajantravel.com\/\",\"name\":\"Agencia de Viajes Jan Travel\",\"description\":\"Viaja, disfruta y vive una vida sin fronteras\",\"publisher\":{\"@id\":\"https:\/\/agenciajantravel.com\/#organization\"},\"potentialAction\":[{\"@type\":\"SearchAction\",\"target\":{\"@type\":\"EntryPoint\",\"urlTemplate\":\"https:\/\/agenciajantravel.com\/?s={search_term_string}\"},\"query-input\":{\"@type\":\"PropertyValueSpecification\",\"valueRequired\":true,\"valueName\":\"search_term_string\"}}],\"inLanguage\":\"en-US\"},{\"@type\":\"Organization\",\"@id\":\"https:\/\/agenciajantravel.com\/#organization\",\"name\":\"Agencia de Viajes Jan Travel\",\"url\":\"https:\/\/agenciajantravel.com\/\",\"logo\":{\"@type\":\"ImageObject\",\"inLanguage\":\"en-US\",\"@id\":\"https:\/\/agenciajantravel.com\/#\/schema\/logo\/image\/\",\"url\":\"https:\/\/agenciajantravel.com\/wp-content\/uploads\/2024\/02\/Logo-Jan-Travel-Nuevo-1.webp\",\"contentUrl\":\"https:\/\/agenciajantravel.com\/wp-content\/uploads\/2024\/02\/Logo-Jan-Travel-Nuevo-1.webp\",\"width\":455,\"height\":180,\"caption\":\"Agencia de Viajes Jan Travel\"},\"image\":{\"@id\":\"https:\/\/agenciajantravel.com\/#\/schema\/logo\/image\/\"}}]}<\/script>\n<!-- \/ Yoast SEO plugin. -->","yoast_head_json":{"title":"Tour Comuna 13 - Agencia de Viajes Jan Travel","robots":{"index":"index","follow":"follow","max-snippet":"max-snippet:-1","max-image-preview":"max-image-preview:large","max-video-preview":"max-video-preview:-1"},"canonical":"https:\/\/agenciajantravel.com\/en\/tour\/tour-comuna-13\/","og_locale":"en_US","og_type":"article","og_title":"Tour Comuna 13 - Agencia de Viajes Jan Travel","og_description":"Salidas COMPARTIDAS todos los d\u00edas. Duraci\u00f3n: 3 horas aprox. Valores: Ni\u00f1os de 0 a 2 a\u00f1os: $ 20.000\u00a0 Incluye: \ud83d\ude8c Traslado en veh\u00edculos de turismo. \ud83c\udfa8 Visita y recorrido a pie por las galer\u00edas al aire libre de los Graffitis. \ud83d\udccc Visita y recorrido por las escaleras el\u00e9ctricas caminando. \ud83d\ude4b\ud83c\udffb\u200d\u2642\ufe0f Gu\u00eda local en los recorridos. [&hellip;]","og_url":"https:\/\/agenciajantravel.com\/en\/tour\/tour-comuna-13\/","og_site_name":"Agencia de Viajes Jan Travel","article_modified_time":"2025-04-24T18:19:02+00:00","og_image":[{"width":1124,"height":1200,"url":"https:\/\/agenciajantravel.com\/wp-content\/uploads\/2025\/03\/ven-y-dejate-contar-la.jpeg","type":"image\/jpeg"}],"twitter_card":"summary_large_image","twitter_misc":{"Est. reading time":"1 minute"},"schema":{"@context":"https:\/\/schema.org","@graph":[{"@type":"WebPage","@id":"https:\/\/agenciajantravel.com\/tour\/tour-comuna-13\/","url":"https:\/\/agenciajantravel.com\/tour\/tour-comuna-13\/","name":"Tour Comuna 13 - Agencia de Viajes Jan Travel","isPartOf":{"@id":"https:\/\/agenciajantravel.com\/#website"},"primaryImageOfPage":{"@id":"https:\/\/agenciajantravel.com\/tour\/tour-comuna-13\/#primaryimage"},"image":{"@id":"https:\/\/agenciajantravel.com\/tour\/tour-comuna-13\/#primaryimage"},"thumbnailUrl":"https:\/\/agenciajantravel.com\/wp-content\/uploads\/2025\/03\/ven-y-dejate-contar-la.jpeg","datePublished":"2025-03-22T06:46:53+00:00","dateModified":"2025-04-24T18:19:02+00:00","breadcrumb":{"@id":"https:\/\/agenciajantravel.com\/tour\/tour-comuna-13\/#breadcrumb"},"inLanguage":"en-US","potentialAction":[{"@type":"ReadAction","target":["https:\/\/agenciajantravel.com\/tour\/tour-comuna-13\/"]}]},{"@type":"ImageObject","inLanguage":"en-US","@id":"https:\/\/agenciajantravel.com\/tour\/tour-comuna-13\/#primaryimage","url":"https:\/\/agenciajantravel.com\/wp-content\/uploads\/2025\/03\/ven-y-dejate-contar-la.jpeg","contentUrl":"https:\/\/agenciajantravel.com\/wp-content\/uploads\/2025\/03\/ven-y-dejate-contar-la.jpeg","width":1124,"height":1200},{"@type":"BreadcrumbList","@id":"https:\/\/agenciajantravel.com\/tour\/tour-comuna-13\/#breadcrumb","itemListElement":[{"@type":"ListItem","position":1,"name":"Portada","item":"https:\/\/agenciajantravel.com\/"},{"@type":"ListItem","position":2,"name":"Tour","item":"https:\/\/agenciajantravel.com\/tour\/"},{"@type":"ListItem","position":3,"name":"Tour Comuna 13"}]},{"@type":"WebSite","@id":"https:\/\/agenciajantravel.com\/#website","url":"https:\/\/agenciajantravel.com\/","name":"Agencia de Viajes Jan Travel","description":"Travel, enjoy and live a life without frontiers","publisher":{"@id":"https:\/\/agenciajantravel.com\/#organization"},"potentialAction":[{"@type":"SearchAction","target":{"@type":"EntryPoint","urlTemplate":"https:\/\/agenciajantravel.com\/?s={search_term_string}"},"query-input":{"@type":"PropertyValueSpecification","valueRequired":true,"valueName":"search_term_string"}}],"inLanguage":"en-US"},{"@type":"Organization","@id":"https:\/\/agenciajantravel.com\/#organization","name":"Agencia de Viajes Jan Travel","url":"https:\/\/agenciajantravel.com\/","logo":{"@type":"ImageObject","inLanguage":"en-US","@id":"https:\/\/agenciajantravel.com\/#\/schema\/logo\/image\/","url":"https:\/\/agenciajantravel.com\/wp-content\/uploads\/2024\/02\/Logo-Jan-Travel-Nuevo-1.webp","contentUrl":"https:\/\/agenciajantravel.com\/wp-content\/uploads\/2024\/02\/Logo-Jan-Travel-Nuevo-1.webp","width":455,"height":180,"caption":"Agencia de Viajes Jan Travel"},"image":{"@id":"https:\/\/agenciajantravel.com\/#\/schema\/logo\/image\/"}}]}},"_links":{"self":[{"href":"https:\/\/agenciajantravel.com\/en\/wp-json\/wp\/v2\/ttbm_tour\/2339","targetHints":{"allow":["GET"]}}],"collection":[{"href":"https:\/\/agenciajantravel.com\/en\/wp-json\/wp\/v2\/ttbm_tour"}],"about":[{"href":"https:\/\/agenciajantravel.com\/en\/wp-json\/wp\/v2\/types\/ttbm_tour"}],"wp:featuredmedia":[{"embeddable":true,"href":"https:\/\/agenciajantravel.com\/en\/wp-json\/wp\/v2\/media\/2343"}],"wp:attachment":[{"href":"https:\/\/agenciajantravel.com\/en\/wp-json\/wp\/v2\/media?parent=2339"}],"wp:term":[{"taxonomy":"ttbm_tour_cat","embeddable":true,"href":"https:\/\/agenciajantravel.com\/en\/wp-json\/wp\/v2\/ttbm_tour_cat?post=2339"},{"taxonomy":"ttbm_tour_org","embeddable":true,"href":"https:\/\/agenciajantravel.com\/en\/wp-json\/wp\/v2\/ttbm_org?post=2339"},{"taxonomy":"ttbm_tour_location","embeddable":true,"href":"https:\/\/agenciajantravel.com\/en\/wp-json\/wp\/v2\/location?post=2339"},{"taxonomy":"ttbm_tour_features_list","embeddable":true,"href":"https:\/\/agenciajantravel.com\/en\/wp-json\/wp\/v2\/features_list?post=2339"},{"taxonomy":"ttbm_tour_tag","embeddable":true,"href":"https:\/\/agenciajantravel.com\/en\/wp-json\/wp\/v2\/ttbm_tour_tag?post=2339"},{"taxonomy":"ttbm_tour_activities","embeddable":true,"href":"https:\/\/agenciajantravel.com\/en\/wp-json\/wp\/v2\/ttbm_tour_activities?post=2339"}],"curies":[{"name":"wp","href":"https:\/\/api.w.org\/{rel}","templated":true}]}}

<p class="p1"><span class="s1"><b>Salidas COMPARTIDAS todos los días.</b></span></p>
<p class="p1"><b>Duración: 3 horas aprox.</b></p>
<p class="p1"><b>Valores:</b><br />
<b>Niños de 0 a 2 años: </b>$ 20.000<span class="Apple-converted-space"> </span></p>
<p class="p2"><b>Incluye:<br />
</b><span class="s2">🚌</span> Traslado en vehículos de turismo.<br />
<span class="s2">🎨</span> Visita y recorrido a pie por las galerías al aire libre de los Graffitis.<br />
<span class="s2">📌</span> Visita y recorrido por las escaleras eléctricas caminando.<br />
<span class="s2">🙋🏻‍♂️</span> Guía local en los recorridos.<br />
<span class="s2">🍃</span> Conversatorio sobre la transformación social de los jóvenes de la comuna con el guía.<br />
<span class="s2">🍦</span>Degustación de paleta local (helado)<br />
<span class="s2">🩺</span>Tarjeta de asistencia médica.</p>
<p class="p2"><b>No incluye:<br />
</b><span class="s2">🍽️</span> Alimentación no especificada.<b><br />
</b><span class="s2">🚫</span> Gastos o actividades no especificadas.</p>
<p class="p1"><span class="s1"><b>HORARIOS:<span class="Apple-converted-space">  </span>&#8211; COMUNA 13 Y CITY TOUR POR MEDELLÍN</b></span></p>
<p class="p1"><b><br />
Hora de salida: 8:00 am o 2:00 pm<span class="Apple-converted-space"> </span></b></p>
<p class="p1"><b>Punto de encuentro: Parque del Poblado</b></p>
<p class="p1"><b><br />
Hora de salida: 8:30 am o 2:30 pm<span class="Apple-converted-space"> </span></b></p>
<p class="p1"><b>Punto de encuentro: Estación Estadio<span class="Apple-converted-space"> </span></b></p>

<p>Salidas COMPARTIDAS todos los días. Duración: 3 horas aprox. Valores: Niños de 0 a 2 años: $ 20.000  Incluye: 🚌 Traslado en vehículos de turismo. 🎨 Visita y recorrido a pie por las galerías al aire libre de los Graffitis. 📌 Visita y recorrido por las escaleras eléctricas caminando. 🙋🏻‍♂️ Guía local en los recorridos. [&hellip;]</p>

<!-- This site is optimized with the Yoast SEO plugin v26.7 - https://yoast.com/wordpress/plugins/seo/ -->
<title>Tour Comuna 13 - Agencia de Viajes Jan Travel</title>
<meta name="robots" content="index, follow, max-snippet:-1, max-image-preview:large, max-video-preview:-1" />
<link rel="canonical" href="https://agenciajantravel.com/en/tour/tour-comuna-13/" />
<meta property="og:locale" content="en_US" />
<meta property="og:type" content="article" />
<meta property="og:title" content="Tour Comuna 13 - Agencia de Viajes Jan Travel" />
<meta property="og:description" content="Salidas COMPARTIDAS todos los días. Duración: 3 horas aprox. Valores: Niños de 0 a 2 años: $ 20.000  Incluye: 🚌 Traslado en vehículos de turismo. 🎨 Visita y recorrido a pie por las galerías al aire libre de los Graffitis. 📌 Visita y recorrido por las escaleras eléctricas caminando. 🙋🏻‍♂️ Guía local en los recorridos. [&hellip;]" />
<meta property="og:url" content="https://agenciajantravel.com/en/tour/tour-comuna-13/" />
<meta property="og:site_name" content="Agencia de Viajes Jan Travel" />
<meta property="article:modified_time" content="2025-04-24T18:19:02+00:00" />
<meta property="og:image" content="https://agenciajantravel.com/wp-content/uploads/2025/03/ven-y-dejate-contar-la.jpeg" />
	<meta property="og:image:width" content="1124" />
	<meta property="og:image:height" content="1200" />
	<meta property="og:image:type" content="image/jpeg" />
<meta name="twitter:card" content="summary_large_image" />
<meta name="twitter:label1" content="Est. reading time" />
	<meta name="twitter:data1" content="1 minute" />
<script type="application/ld+json" class="yoast-schema-graph">{"@context":"https://schema.org","@graph":[{"@type":"WebPage","@id":"https://agenciajantravel.com/tour/tour-comuna-13/","url":"https://agenciajantravel.com/tour/tour-comuna-13/","name":"Tour Comuna 13 - Agencia de Viajes Jan Travel","isPartOf":{"@id":"https://agenciajantravel.com/#website"},"primaryImageOfPage":{"@id":"https://agenciajantravel.com/tour/tour-comuna-13/#primaryimage"},"image":{"@id":"https://agenciajantravel.com/tour/tour-comuna-13/#primaryimage"},"thumbnailUrl":"https://agenciajantravel.com/wp-content/uploads/2025/03/ven-y-dejate-contar-la.jpeg","datePublished":"2025-03-22T06:46:53+00:00","dateModified":"2025-04-24T18:19:02+00:00","breadcrumb":{"@id":"https://agenciajantravel.com/tour/tour-comuna-13/#breadcrumb"},"inLanguage":"en-US","potentialAction":[{"@type":"ReadAction","target":["https://agenciajantravel.com/tour/tour-comuna-13/"]}]},{"@type":"ImageObject","inLanguage":"en-US","@id":"https://agenciajantravel.com/tour/tour-comuna-13/#primaryimage","url":"https://agenciajantravel.com/wp-content/uploads/2025/03/ven-y-dejate-contar-la.jpeg","contentUrl":"https://agenciajantravel.com/wp-content/uploads/2025/03/ven-y-dejate-contar-la.jpeg","width":1124,"height":1200},{"@type":"BreadcrumbList","@id":"https://agenciajantravel.com/tour/tour-comuna-13/#breadcrumb","itemListElement":[{"@type":"ListItem","position":1,"name":"Portada","item":"https://agenciajantravel.com/"},{"@type":"ListItem","position":2,"name":"Tour","item":"https://agenciajantravel.com/tour/"},{"@type":"ListItem","position":3,"name":"Tour Comuna 13"}]},{"@type":"WebSite","@id":"https://agenciajantravel.com/#website","url":"https://agenciajantravel.com/","name":"Agencia de Viajes Jan Travel","description":"Viaja, disfruta y vive una vida sin fronteras","publisher":{"@id":"https://agenciajantravel.com/#organization"},"potentialAction":[{"@type":"SearchAction","target":{"@type":"EntryPoint","urlTemplate":"https://agenciajantravel.com/?s={search_term_string}"},"query-input":{"@type":"PropertyValueSpecification","valueRequired":true,"valueName":"search_term_string"}}],"inLanguage":"en-US"},{"@type":"Organization","@id":"https://agenciajantravel.com/#organization","name":"Agencia de Viajes Jan Travel","url":"https://agenciajantravel.com/","logo":{"@type":"ImageObject","inLanguage":"en-US","@id":"https://agenciajantravel.com/#/schema/logo/image/","url":"https://agenciajantravel.com/wp-content/uploads/2024/02/Logo-Jan-Travel-Nuevo-1.webp","contentUrl":"https://agenciajantravel.com/wp-content/uploads/2024/02/Logo-Jan-Travel-Nuevo-1.webp","width":455,"height":180,"caption":"Agencia de Viajes Jan Travel"},"image":{"@id":"https://agenciajantravel.com/#/schema/logo/image/"}}]}</script>
<!-- / Yoast SEO plugin. -->

Salidas COMPARTIDAS todos los días. Duración: 3 horas aprox. Valores: Niños de 0 a 2 años: $ 20.000  Incluye: 🚌 Traslado en vehículos de turismo. 🎨 Visita y recorrido a pie por las galerías al aire libre de los Graffitis. 📌 Visita y recorrido por las escaleras eléctricas caminando. 🙋🏻‍♂️ Guía local en los recorridos. [&hellip;]
